 -3*i**2 - 1675*i - 18810. Give d(-11).
-748
Let a(s) = 4*s**3 + 223*s**2 + 154*s - 599. Give a(-55).
6
Let t(r) = 1107*r + 180434. Give t(-164).
-1114
Let h(u) = u**3 + 330*u**2 + 15562*u + 538. Calculate h(-273).
265
Let p(k) = -484*k + 15495. Give p(32).
7
Let r(b) = -2957*b - 1020180. Give r(-345).
-15
Let q(b) = 10*b**3 + 185*b**2 + 265*b + 55. Determine q(-17).
-115
Let x(b) = -7756*b + 744580. What is x(96)?
4
Let k(h) = -h**3 - 676*h**2 - 5345*h - 676. What is k(-668)?
-8
Let i(s) = -2630*s + 78821. Calculate i(30).
-79
Let b(g) = -2*g**3 - 279*g**2 - 170*g - 4372. What is b(-139)?
-63
Let s(i) = -2*i**3 - 235*i**2 + 11428*i + 190. Determine s(37).
5
Let c(g) = -52833*g + 528330. What is c(10)?
0
Let a(s) = s**3 + 30*s**2 + 119*s + 2467. Give a(-28).
703
Let d(r) = 14*r**3 + 60*r**2 - 82*r + 27. Calculate d(-5).
187
Let c(y) = -2*y**2 - 1761*y - 147850. Determine c(-94).
12
Let o(p) = -p**3 - 63*p**2 + 2435*p - 133. Determine o(27).
2
Let s(f) = -34*f**2 - 13314*f + 59397. Calculate s(-396).
-3
Let y(c) = -c**2 - 329*c - 27222. What is y(-155)?
-252
Let p(g) = -3*g**2 + 294*g + 11136. Determine p(129).
-861
Let o(j) = 13283*j - 254. Calculate o(0).
-254
Let n(w) = w**2 - 7026*w - 2007780. What is n(-275)?
-5
Let h(v) = -v**3 + 97*v**2 + 892*v - 28205. What is h(103)?
17
Let r(h) = -h**3 + 85*h**2 - 1643*h - 385. What is r(55)?
0
Let a(u) = 9953*u - 149315. Calculate a(15).
-20
Let m(u) = 366*u - 18700. What is m(51)?
-34
Let m(b) = -100*b + 422. Give m(17).
-1278
Let d(i) = 10284*i + 2036234. Give d(-198).
2
Let o(b) = 14*b**2 - 1770*b - 31915. What is o(-16)?
-11
Let q(k) = -2*k**2 - 171*k - 910. Calculate q(-5).
-105
Let n(p) = -p**2 + 32*p - 304. Give n(36).
-448
Let u(d) = -11*d**2 + 460*d - 1096. Give u(40).
-296
Let k(c) = -c**2 - 566*c + 144588. Give k(191).
1
Let j(o) = 24368*o + 1023598. Calculate j(-42).
142
Let c(h) = 159*h + 12198. Determine c(-77).
-45
Let y(r) = -67769*r + 812670. What is y(12)?
-558
Let s(v) = -4*v**2 + 528*v - 9694. Give s(110).
-14
Let v(g) = 2*g**3 + 458*g**2 - 403*g + 11853. Determine v(-230).
-1257
Let d(q) = 477*q + 165987. Calculate d(-348).
-9
Let b(p) = -p**3 + 68*p**2 - 1071*p + 13. What is b(25)?
113
Let v(h) = -179*h - 12329. Calculate v(-66).
-515
Let k(w) = -100*w + 3092. What is k(21)?
992
Let s(v) = -v**3 - 231*v**2 + 375*v + 33188. Determine s(-232).
12
Let x(u) = 2*u**3 + 26*u**2 + 227*u + 363. What is x(-2)?
-3
Let j(m) = -13*m**2 - 21*m + 231. What is j(11)?
-1573
Let r(f) = -192*f**2 - 2698*f + 21. Calculate r(-14).
161
Let m(k) = -k**2 + 1385*k - 275. Give m(0).
-275
Let x(q) = 2*q**3 + 152*q**2 + 129*q - 738. Give x(-75).
837
Let l(o) = 2*o**2 + 902*o + 101433. Calculate l(-214).
-3
Let q(o) = -7*o**3 - 6*o**2 - 27*o - 48. Give q(-2).
38
Let o(k) = -359*k**3 - 2189*k**2 - 218*k - 20. Calculate o(-6).
28
Let v(k) = 65*k**2 - 3217*k - 703. Give v(50).
947
Let z(g) = 17*g**2 - 295*g + 1214. Calculate z(8).
-58
Let o(m) = -305*m - 9983. Calculate o(-33).
82
Let k(g) = 19*g**2 - 169*g + 431. Give k(10).
641
Let n(i) = 1833*i + 188818. Determine n(-103).
19
Let j(p) = p**3 + 10*p**2 + 2284*p + 22906. Give j(-10).
66
Let t(d) = 46*d + 376. Calculate t(-8).
8
Let h(y) = 68*y**2 + 1411*y + 35. What is h(-20)?
-985
Let c(b) = -4676*b + 2104218. Give c(450).
18
Let x(p) = 32354*p - 193678. Calculate x(6).
446
Let f(v) = 65*v**2 - 855*v + 2692. Determine f(5).
42
Let y(s) = s**3 - 45*s**2 + 9*s + 276. Calculate y(13).
-5015
Let d(l) = l**3 - 5*l**2 + 58*l + 367. Determine d(-7).
-627
Let y(l) = -14*l**2 - 115*l + 83. What is y(-9)?
-16
Let q(z) = -9*z**2 - 912*z + 584. Determine q(-102).
-28
Let v(f) = -1226143*f + 13487579. Determine v(11).
6
Let w(h) = h**2 + 9*h - 288. Calculate w(32).
1024
Let f(v) = -565*v + 49734. Give f(88).
14
Let r(o) = 460*o**2 + 18308*o - 3674. What is r(-40)?
6
Let g(x) = -x**3 + 88*x**2 + 84*x - 7417. What is g(88)?
-25
Let k(s) = 3839*s + 4092274. What is k(-1066)?
-100
Let p(t) = 22*t**2 - 882*t + 64. What is p(40)?
-16
Let j(x) = -336859*x - 8758355. Calculate j(-26).
-21
Let n(u) = -181*u - 662. Give n(1).
-843
Let b(m) = 71*m**3 + 40*m - 42. Give b(1).
69
Let m(r) = -7*r**2 - 158*r + 1379. Determine m(-28).
315
Let b(i) = -5972*i + 961488. Determine b(161).
-4
Let a(k) = -29*k - 1370. Calculate a(34).
-2356
Let j(v) = 587906*v + 13521836. Calculate j(-23).
-2
Let j(l) = 147*l - 2372. Determine j(34).
2626
Let d(v) = v**3 + 137*v**2 - 403*v + 796. Give d(-140).
-1584
Let v(q) = -778*q - 63623. What is v(-82)?
173
Let j(u) = 2*u**2 - 81*u - 7037. Determine j(80).
-717
Let g(u) = -663079*u + 19892364. Give g(30).
-6
Let h(y) = -24*y**2 - 819*y + 19039. Give h(-50).
-11
Let q(x) = 198*x + 1610. Give q(-13).
-964
Let y(b) = -b**3 - 9*b**2 + 191*b + 371. Determine y(-15).
-1144
Let m(c) = 6*c**3 + 140*c**2 - 357*c - 51. What is m(-26)?
-1585
Let z(a) = 8*a**2 - 42*a + 1859. Determine z(0).
1859
Let z(a) = 338*a - 17498. Calculate z(54).
754
Let k(z) = 2857*z + 61140. Determine k(-21).
1143
Let g(r) = -66809*r - 467711. What is g(-7)?
-48
Let q(i) = i**3 - 22*i**2 - 713*i + 91. Give q(41).
2797
Let i(o) = o**2 + 121*o - 7094. Give i(35).
-1634
Let r(l) = 149*l**2 - 1713*l + 25. What is r(11)?
-789
Let m(h) = -5*h**2 + 275*h - 4472. What is m(26)?
-702
Let k(r) = -r**2 - 249*r - 12101. Give k(-55).
-1431
Let i(p) = 2*p**3 + 54*p**2 - 46*p - 615. Calculate i(-23).
4675
Let g(x) = x**3 - 105*x**2 - 73*x - 3567. Give g(106).
-69
Let o(j) = -9*j**3 + 24*j**2 - 8. Give o(-3).
451
Let q(l) = -4242*l + 59342. Determine q(14).
-46
Let f(s) = s**3 - 124*s**2 - 870*s - 24717. Calculate f(132).
-165
Let u(j) = -15*j**2 + 4482*j - 174382. What is u(46)?
50
Let r(l) = l**2 - 4531*l - 243011. Give r(-53).
-59
Let q(s) = 2*s**3 + 310*s**2 + 885*s - 92. What is q(-3)?
-11
Let j(y) = 4131*y + 103280. What is j(-25)?
5
Let y(z) = 695219*z - 4866526. Give y(7).
7
Let b(c) = 104*c - 415. Give b(4).
1
Let q(v) = 32*v**2 - 563*v + 7. What is q(18)?
241
Let m(k) = 3*k**3 - 55*k**2 - 5*k + 27. Give m(10).
-2523
Let q(h) = h**2 - 6047*h - 2198519. Determine q(-344).
-15
Let y(c) = 104*c**2 + 23723*c + 2504. Calculate y(-228).
-4
Let y(w) = -713*w - 22214. Calculate y(-31).
-111
Let c(g) = -100*g + 929. Give c(25).
-1571
Let a(i) = 10*i**2 + 1199*i - 6392. Calculate a(-125).
-17
Let p(u) = 10*u**2 + 2792*u + 166362. Determine p(-193).
-4
Let v(k) = -23*k**2 - 2046*k + 257. Calculate v(-89).
168
Let c(y) = -80*y + 6907. Calculate c(109).
-1813
Let o(u) = 32*u**2 - 371*u - 4146. What is o(-11)?
3807
Let p(q) = -52*q - 12112. Calculate p(-232).
-48
Let b(d) = -121147*d + 363231. What is b(3)?
-210
Let j(v) = 21*v**2 + 2337*v - 4042. Determine j(-113).
26
Let t(q) = 4*q**3 - 10*q**2 + 8807*q - 26399. What is t(3)?
40
Let k(j) = -j**3 + 88*j**2 - 403*j + 655. Give k(83).
1651
Let k(t) = t**3 - 62*t**2 - 24*t - 2375. Give k(63).
82
Let q(u) = 7*u**3 + 17*u**2 + 14*u + 150. Calculate q(-4).
-82
Let v(r) = r**2 - 2873*r - 151928. Determine v(-52).
172
Let a(p) = -p**3 + 33*p**2 - 105*p + 558. What is a(24)?
3222
Let y(m) = 3*m**2 + 1125*m - 123879. Calculate y(89).
9
Let i(n) = 1158*n - 537409. Give i(464).
-97
Let g(o) = -18*o**2 + 4769*o + 562. Determine g(265).
297
Let t(m) = m**2 - 147*m - 3416. Determine t(-20).
-76
Let i(m) = -1010*m + 12039. Calculate i(12).
-81
Let m(j) = -j**3 + 187*j**2 + 32237*j + 7993. Calculate m(296).
1
Let c(w) = -w**3 + 410*w**2 - 4767*w - 3581. Calculate c(398).
1
Let z(a) = -144964*a - 3334168. Determine z(-23).
4
Let u(p) = 2*p**3 + 57*p**2 + 168*p - 33. Calculate u(-23).
1922
Let h(n) = 2*n**2 + 3582*n + 846130. Give h(-280).
-30
Let i(y) = -4*y**3 - 50*y**2 - 10*y - 385. What is i(-13)?
83
Let r(c) = c**3 - 601*c**2 + 34848*c - 4285. Calculate r(536).
3
Let v(a) = -2*a**3 - 58*a**2 - 103*a + 278. Calculate v(-3).
119
Let b(v) = -8*v**3 - 369*v**2 - 45*v - 11. What is b(-46)?
-57
Let c(z) = -12*z**2 + 315*z - 34. Calculate c(29).
-991
Let i(p) = -175253*p + 6133847. What is i(35)?
-8
Let f(x) = -2*x**3 - 200*x**2 - 646*x - 44375. Give f(-99).
-23
Let g(m) = -37371*m**2 + 1307988*m - 105. Calculate g(35).
0
Let i(j) = -591*j - 30174. Determine i(-51).
-33
Let r(q) = -406*q**2 + 566*q - 177. Calculate r(1).
-17
Let o(j) = -15740*j + 110168. Determine o(7).
-12
